mon divisor of 82872 and 63432.
72
Calculate the highest common factor of 36 and 27167808.
12
Calculate the greatest common factor of 9704812 and 4825.
193
Calculate the greatest common factor of 42773874 and 156.
78
Calculate the greatest common factor of 205058 and 309139.
97
Calculate the greatest common factor of 5292 and 2631496.
196
Calculate the highest common divisor of 3926363 and 138178.
1171
What is the greatest common divisor of 437952 and 6288?
48
Calculate the greatest common factor of 20 and 146605816.
4
What is the greatest common divisor of 7161408 and 6012?
36
Calculate the greatest common factor of 1115569 and 437.
23
What is the greatest common factor of 154457 and 31097?
257
Calculate the greatest common divisor of 594 and 29994.
6
What is the greatest common factor of 3843 and 942389?
427
What is the highest common factor of 103160 and 6171547?
2579
Calculate the highest common factor of 951082 and 134827.
187
Calculate the greatest common divisor of 10866047 and 1112.
139
What is the highest common divisor of 205668470 and 910?
70
Calculate the greatest common factor of 232 and 82892.
4
Calculate the greatest common divisor of 176 and 13428437.
11
Calculate the highest common divisor of 4858490 and 44460.
2470
Calculate the highest common divisor of 27832 and 602.
14
Calculate the highest common divisor of 1471722 and 6767.
67
What is the highest common divisor of 587559 and 89229?
147
What is the highest common factor of 7177 and 1671616601?
7177
What is the greatest common factor of 119220 and 9960?
60
What is the highest common divisor of 18 and 405805959?
9
Calculate the greatest common divisor of 16 and 204981328.
16
What is the greatest common divisor of 40 and 10023185?
5
What is the highest common divisor of 372257 and 3?
1
Calculate the greatest common factor of 136485876 and 2616.
1308
What is the greatest common factor of 55016 and 8940629?
529
Calculate the highest common divisor of 26614121 and 13223.
1889
What is the highest common factor of 280074326 and 266?
266
What is the highest common factor of 3029 and 7397?
13
What is the greatest common factor of 13860 and 6405300?
1980
What is the highest common factor of 275726 and 5346?
22
Calculate the highest common divisor of 6246 and 746.
2
Calculate the greatest common factor of 3190916 and 20.
4
Calculate the greatest common divisor of 113010 and 127800.
30
Calculate the greatest common divisor of 64 and 168779136.
64
What is the highest common divisor of 4283883654 and 134?
134
Calculate the greatest common factor of 230269 and 975.
13
What is the greatest common divisor of 61 and 164646686?
61
Calculate the greatest common factor of 15941060 and 320.
20
Calculate the greatest common factor of 21603 and 289769.
19
Calculate the greatest common divisor of 1177485 and 2875.
115
What is the greatest common factor of 172811 and 24131?
59
What is the greatest common factor of 239652 and 300?
12
Calculate the highest common divisor of 305196 and 73892.
116
What is the greatest common factor of 115536779 and 668?
167
What is the greatest common divisor of 13467641 and 9394?
671
What is the highest common factor of 28706 and 982486?
926
What is the highest common factor of 7724589 and 11595?
2319
Calculate the greatest common divisor of 1919 and 5000005.
101
What is the greatest common factor of 131657 and 40482404?
4247
What is the greatest common divisor of 6465 and 7857130?
2155
What is the highest common divisor of 473500 and 5000?
500
Calculate the greatest common divisor of 91 and 6722287.
13
Calculate the highest common divisor of 96 and 8641824.
96
What is the highest common factor of 7918845 and 1815?
1815
What is the greatest common divisor of 21132 and 165012?
12
Calculate the highest common divisor of 56 and 62390912.
8
What is the highest common factor of 26199 and 2577219?
123
Calculate the highest common factor of 495 and 82217745.
45
Calculate the highest common factor of 5328 and 13024.
592
Calculate the greatest common factor of 208301 and 8568.
17
What is the greatest common divisor of 52 and 2675452?
52
Calculate the greatest common factor of 53115444 and 288.
36
What is the greatest common divisor of 8232 and 4884411?
21
What is the greatest common factor of 88447375 and 20?
5
Calculate the greatest common factor of 57672250 and 10470.
3490
Calculate the highest common factor of 428 and 34309764.
428
What is the greatest common factor of 2607 and 19480197?
33
Calculate the highest common factor of 5 and 53130645.
5
What is the greatest common divisor of 1200 and 30984960?
240
Calculate the greatest common divisor of 136 and 30935818.
34
What is the greatest common divisor of 6513376 and 2848?
2848
What is the greatest common factor of 2532620 and 140?
20
Calculate the greatest common divisor of 1269 and 342771.
141
Calculate the highest common factor of 3384704 and 5504.
128
What is the greatest common factor of 17706483 and 27?
9
Calculate the greatest common divisor of 1081 and 124644.
47
What is the highest common factor of 7084083 and 3?
3
Calculate the highest common factor of 963 and 7997822.
107
Calculate the highest common factor of 49514246 and 2264.
566
Calculate the greatest common factor of 43118580 and 18438.
2634
Calculate the greatest common factor of 335446 and 464752.
1874
Calculate the greatest common factor of 24292913 and 24741.
2749
What is the highest common divisor of 54698601 and 38865?
7773
What is the greatest common divisor of 1962 and 1832214?
6
Calculate the greatest common divisor of 247 and 2030872.
19
Calculate the greatest common divisor of 168 and 3266844.
84
What is the greatest common factor of 13344 and 90906?
834
What is the greatest common divisor of 24951 and 1509?
3
Calculate the highest common divisor of 140657 and 2090.
209
Calculate the highest common factor of 40275 and 23270.
895
Calculate the greatest common divisor of 20774 and 8691488.
442
What is the greatest common factor of 533703 and 13578?
219
Calculate the greatest common factor of 2185812 and 9498492.
3996
What is the greatest common factor of 12 and 3204492?
12
Calculate the greatest common divisor of 6425151 and 12915.
123
What is the greatest common factor of 998677 and 7850?
157
What is the greatest common divisor of 1431 and 2239197?
159
What is the greatest common factor of 3232004 and 32616?
604
Calculate the highest common factor of 481017 and 4469.
109
Calculate the highest common divisor of 143054343 and 4131.
243
What is the highest common factor of 224480 and 7808960?
3680
What is the highest common divisor of 42 and 10901016?
42
What is the highest common factor of 27903421 and 25648?
1603
What is the greatest common divisor of 71 and 108741967?
71
Calculate the highest common divisor of 596 and 77309842.
298
Calculate the highest common divisor of 11770 and 2577095.
535
What is the greatest common factor of 158 and 1216134374?
158
What is the greatest common factor of 58135650 and 4130?
590
Calculate the highest common divisor of 1076 and 1701634282.
538
What is the highest common factor of 212496 and 801287?
4427
What is the highest common divisor of 46778 and 859238?
2462
Calculate the greatest common divisor of 22410 and 79438968.
4482
What is the greatest common factor of 120 and 126504285?
15
What is the highest common divisor of 3756516 and 36?
12
Calculate the highest common divisor of 75 and 15109475.
25
What is the highest common factor of 56857193 and 150629?
3503
What is the highest common factor of 430825 and 451250?
475
Calculate the greatest common divisor of 5383 and 6529.
1
What is the greatest common factor of 311349 and 6030?
201
Calculate the highest common divisor of 16 and 8234592.
16
Calculate the greatest common divisor of 4742337 and 153.
51
What is the highest common divisor of 26239 and 16446329?
1381
What is the greatest common factor of 234566 and 2516?
34
What is the highest common factor of 98691931 and 91?
13
Calculate the greatest common divisor of 856753 and 1556942.
4349
What is the highest common divisor of 357222 and 118262?
58
What is the greatest common divisor of 18001890 and 6390?
90
What is the highest common factor of 18150 and 1686025?
275
What is the greatest common divisor o